5*w - 9. Let t be v(c). What is the greatest common divisor of t and 18?
9
Suppose -3*h + 2*x + 386 = 0, -680 = -4*h - h - 4*x. Calculate the greatest common divisor of 33 and h.
33
Let u(d) = -d**3 + 5*d**2 + 6*d - 2. Let x be u(6). Let p be 262 + (0 - x) - 0. Suppose r = -3*r + p. Calculate the greatest common divisor of r and 22.
22
Suppose -5*a + 9 = -6. Suppose 2*o - 25 = -a*t + 74, -t - 5*o = -33. What is the highest common divisor of 22 and t?
11
Let n(u) = u**2 + 6*u + 1. Let d be n(5). What is the greatest common divisor of d and 8?
8
Let w be 1 + 1 + 1*73. Suppose 3*a + 5*z = -110, -3*a = -4*a - 4*z - 39. Let f = a + 65. What is the highest common divisor of w and f?
15
Suppose -6*g + g = 150. Let v be (-220)/6*36/g. Suppose x + v = 5*x. Calculate the highest common factor of x and 121.
11
Let d be (57/(-1))/(4/(-12)). Calculate the highest common divisor of d and 19.
19
Suppose -3*w = 4*a + a - 309, -117 = -2*a + w. What is the highest common factor of a and 24?
12
Let w = -18 + 30. Suppose i = 5*i - w. Suppose y - 10 = i*l, -2*y + 4*l - 50 = -7*y. What is the greatest common divisor of y and 40?
10
Let q = 5 + 0. Suppose 72 = q*c - 3*v, 24 = -0*c + 3*c + 3*v. Calculate the greatest common factor of 84 and c.
12
Let r(n) = n**3 + 3*n**2 + 3*n + 3. Let d be r(-2). Let p = 2 + -1. What is the greatest common divisor of p and d?
1
Let u(p) = -p**3 - 4*p**2. Let z be u(-5). Let s(m) = -8*m - 16*m + 125 + 25*m. Let c be s(0). What is the highest common factor of c and z?
25
Let p(w) = -w**3 - 3*w**2 + 8*w. Let l be p(-5). Calculate the highest common factor of 80 and l.
10
Let m = -160 - 14. Let z(n) = n + 4. Let x be z(-9). Let v be m/(-5) + (-1)/x. What is the highest common factor of v and 7?
7
Let i(k) = k + 12. Let n be i(-6). Suppose -11 = -3*z - 3*f - f, 0 = 3*z + f - 14. Suppose -z*q + 24 = -n. Calculate the highest common factor of 6 and q.
6
Suppose 0 = -2*o + i - 5*i + 30, 2*o + i - 18 = 0. Let z(x) = 3*x**2 + x + 3. Let b be z(-4). Let t = 9 + b. What is the highest common factor of t and o?
7
Let r(h) = 7*h**2 + 4*h - 37. Let b be r(4). What is the highest common divisor of b and 26?
13
Let g(a) = -2*a**3 - 13*a**2 + 7*a + 5. Let u be g(-7). What is the highest common factor of 45 and u?
5
Suppose -x + 17 = -5*z + 82, 4*x = -4*z + 28. What is the greatest common divisor of 4 and z?
4
Let z(k) = k**3 + 9*k**2 + 10*k - 10. Let m be z(-8). Let u = 38 + m. What is the greatest common factor of u and 6?
6
Let f = -65 + 149. Let i be 0 + -2 - (-8 + 3). Suppose -i*d = d - f. Calculate the greatest common factor of 14 and d.
7
Suppose 4*a = -s - 3*s + 128, 0 = s + 3*a - 32. Let r be ((-68)/(-20) - 1)*10/3. What is the highest common divisor of r and s?
8
Let q = 4 - -8. Let k(s) = 6*s - 3. Let b be k(3). Suppose 5*p = b + 5. Calculate the highest common factor of q and p.
4
Let d(y) = -3*y - 6. Let u be d(-4). Let m(c) = 6*c**3. Let o be m(-1). Let n(f) = -4*f + 6. Let h be n(o). Calculate the highest common divisor of u and h.
6
Suppose -2*b - 4*q = -8*q - 48, 3*q - 34 = -2*b. What is the greatest common divisor of 50 and b?
10
Suppose 17 = -5*k + 57. What is the greatest common divisor of k and 12?
4
Suppose 3*i = 4*j + 25, -5*j + 36 - 6 = 5*i. Suppose f - 3*a = i - 3, -5*f + 4 = a. Calculate the highest common factor of f and 9.
1
Let w = 17 - 17. Suppose -4*f - g + 59 = 0, -4*g - 4 + 16 = w. What is the highest common divisor of f and 2?
2
Let i = -4 - -6. Suppose i*v = b + 6 + 22, 100 = 5*v + 5*b. Calculate the greatest common divisor of v and 40.
8
Let m = 15 + -3. Let v = 4 + m. Let r = 9 - 1. What is the greatest common factor of v and r?
8
Let l(s) = -s + 5. Let c be l(0). Suppose -m + 2*v - 3 = 4, -18 = 2*m - c*v. Let x = -4 + 12. Calculate the greatest common factor of m and x.
1
Let c(d) = -43*d - 10. Let y be c(-3). Suppose 2*n = 25 + 9. What is the highest common divisor of y and n?
17
Suppose -4*z + 4*d = -z - 168, 0 = -2*z + 4*d + 108. What is the greatest common divisor of z and 30?
30
Suppose -2*w + 9 = 1. Suppose w*r + 2*m + 3*m - 180 = 0, 2*r + m = 84. What is the highest common factor of r and 16?
8
Suppose x - 2*o - 9 = 0, o + 10 = 2*x - o. Calculate the highest common factor of x and 9.
1
Suppose -t = -2*l + 147, -3*l + 2*t + 213 = 3*t. What is the highest common factor of l and 6?
6
Let n be (1/(-2))/((-2)/8). Let l(o) = o**3 - 2*o**2 + o + 2. Let r be l(3). Let k = r + n. What is the greatest common divisor of k and 40?
8
Let v be ((-2)/3)/(2/(-336)). Let x(u) = -u**3 - 6*u**2 - 7*u + 4. Let q be x(-5). Calculate the highest common factor of q and v.
14
Let m = -134 - -140. Let z = 116 + -50. What is the highest common divisor of z and m?
6
Let x(p) = -p**2 + 5*p + 6. Let v(g) = -4*g**2 + 14*g + 17. Let t(h) = -3*v(h) + 8*x(h). Let u be t(-4). What is the highest common divisor of u and 23?
23
Let d = 11 - -9. What is the highest common divisor of 5 and d?
5
Suppose 0 = -3*j + 426 + 6. Suppose -3*i - 3*c + j = -2*c, -3*c - 9 = 0. What is the greatest common factor of 7 and i?
7
Let n be (-13 - -1)/(((-56)/21)/4). Calculate the greatest common factor of n and 4.
2
Let u = 20 + -18. Suppose u*y = -4 + 12. Calculate the greatest common factor of y and 1.
1
Let w(o) = o**2 + 11*o + 7. Let g be w(-11). Calculate the greatest common divisor of g and 14.
7
Suppose 1 = 6*h - 11. Suppose -3*s = -2*l - 152, 0*l - l + h = 0. What is the highest common divisor of 13 and s?
13
Suppose 0*t + 6*t - 72 = 0. Calculate the greatest common factor of 3 and t.
3
Let c(z) = z - 3. Let y be c(-4). Let u = 2 - y. What is the highest common factor of u and 36?
9
Let c = -20 - -10. Let d = 18 + c. Let x be 14/8 - (-2)/8. Calculate the greatest common divisor of d and x.
2
Suppose -4*j + 513 = -j. Suppose -72 = -3*g - 5*i - 10, -2*i = 4*g - 78. Calculate the highest common divisor of g and j.
19
Let f(h) = h**3 + 5*h**2 + 4*h + 3. Let o be f(-2). Suppose -z = 5, 2*n = 3*n - 2*z - 59. Calculate the highest common factor of o and n.
7
Let r be 7*(-2 + 32/14). Calculate the highest common factor of r and 8.
2
Let i be ((-1)/2)/(11/(-308)). What is the highest common divisor of 70 and i?
14
Let k(r) = -7 + 3 - 46*r + 0. Let b be k(-4). Let g be 6*(-2)/(-12) + 17. Calculate the greatest common divisor of b and g.
18
Let b(p) = p**2 - p + 5. Let x be b(0). What is the highest common divisor of x and 15?
5
Let f(x) = -x**2 + 9*x + 5. Let h be f(9). Let d(o) = o**2 - 7*o + 2. Let k be d(7). What is the highest common divisor of h and k?
1
Suppose 2*p = 2*u + 2, -u - 2 = -3*p + 1. Let l be (-3)/p - 135/(-5). Calculate the greatest common divisor of l and 12.
12
Let u(t) = 71*t**3 + 1. Let r be (0 + 3)*1/3. Let v be u(r). What is the greatest common divisor of v and 9?
9
Let j(l) = l**2 + 5*l + 1. Let q be 2/2 - (0 - -7). Let y be j(q). Let d be ((-14)/(-4))/(9/18). What is the highest common factor of d and y?
7
Let f be 2 + (-4 - -6) - 1. What is the greatest common factor of 24 and f?
3
Suppose -3*w + 1 = -5. Suppose 0 = 4*p + 5*r - 37, 33 = -5*p - 3*r + 76. What is the highest common factor of p and w?
2
Let n(f) be the first derivative of 67*f**3/3 + f**2/2 - 2*f + 9. Let a be n(1). What is the highest common factor of 22 and a?
22
Suppose -2*p - 2 = 0, -5*y + 33 = -p - 2*p. Suppose -y = -0*q - q. Calculate the greatest common divisor of q and 15.
3
Let y be 12/9*42/(0 - -1). What is the greatest common factor of 14 and y?
14
Let f(z) = z**3 + 11*z**2 + 10*z + 4. Suppose 0 = -4*y - 34 - 6. Let i be f(y). What is the highest common divisor of 16 and i?
4
Let g be (4/3)/(2/3). Let h be (g + -3 - -3) + 63. Let b be -1*3*(-52)/6. Calculate the highest common factor of b and h.
13
Let y = -76 + 111. Let d = y - 19. What is the highest common divisor of d and 48?
16
Let x be 6/2 + -3 + -3. Let m(b) = -b**2 - 6*b - 1. Let t be m(x). What is the highest common divisor of t and 32?
8
Let g = 30 - 12. What is the greatest common factor of 162 and g?
18
Let r = 109 + -101. Calculate the highest common divisor of r and 72.
8
Let m = -30 + 70. Calculate the greatest common divisor of m and 10.
10
Let z(n) = n**2 + 8*n + 9. Let f be z(-8). What is the greatest common divisor of 9 and f?
9
Suppose -15 = -0*l - 15*l. Suppose 2*q + 3*f = -5, q = -0*q 